{"id":1186,"date":"2015-08-19T09:27:26","date_gmt":"2015-08-19T09:27:26","guid":{"rendered":"http:\/\/sv-listrup.de\/?page_id=1186"},"modified":"2020-05-12T08:55:45","modified_gmt":"2020-05-12T06:55:45","slug":"jugendspielgemeinschaft","status":"publish","type":"page","link":"https:\/\/www.sv-listrup.de\/?page_id=1186","title":{"rendered":"Jugendspielgemeinschaft"},"content":{"rendered":"<p>Seit vielen Jahren bilden die Vereine Concordia Emsb\u00fcren, Fc 47 Leschede und der SV Listrup in der Bereichen C- ,B- und A-Junioren eine erfolgreiche Jugendspielgemeinschaft. Diese JSG erf\u00fcllt vor allem dem Zweck die besten Fu\u00dfballer der Gemeinde in einer Mannschaft spielen zu lassen, um so deren\u00a0Talent und Spielverst\u00e4ndnis in einer h\u00f6heren Spielklasse weiter zu f\u00f6rdern.<\/p>\n<p>Zudem erm\u00f6glicht uns die Jugendspielgemeinschaft auch f\u00fcr die etwas \u00e4lteren Fu\u00dfballbegeisterten Jugendlichen Jugendfu\u00dfball in Listrup\u00a0anbieten zu k\u00f6nnen, was in fr\u00fcheren Jahren aufgrund der ab \u00a0der C-Jugend mehr ben\u00f6tigten Spieler (11er) und vieler Abg\u00e4nge\u00a0nicht m\u00f6glich war. Bei knappem Personal kann auf Spieler der in Leschede oder Emsb\u00fcren spielenden Mannschaften zur\u00fcckgegriffen werden. Dieses Modell konnte in den letzen Jahren gro\u00dfe Erfolge nachweisen und erm\u00f6glicht uns auch in diesem Jahr eine C- sowie A-Junioren mit \u00a0Listruper und Holstener Spielern in Listrup zu sehen.<\/p>\n<p>Federf\u00fchrend sind f\u00fcr die C-Junioren der SV-Listrup; f\u00fcr die B-Junioren der Fc 47 Leschede und f\u00fcr die A-Junioren die Concordia aus Emsb\u00fcren.<\/p>\n<p><a href=\"https:\/\/www.sv-listrup.de\/wp-content\/uploads\/2015\/02\/tn_beitrag-150x1501.jpg\"><img loading=\"lazy\" decoding=\"async\" class=\"alignnone  wp-image-630\" src=\"https:\/\/www.sv-listrup.de\/wp-content\/uploads\/2015\/02\/tn_beitrag-150x1501.jpg\" alt=\"tn_beitrag-150x150\" width=\"111\" height=\"111\" \/><\/a>\u00a0 \u00a0<a href=\"https:\/\/www.sv-listrup.de\/wp-content\/uploads\/2015\/08\/fc-47-leschede.png\"><img loading=\"lazy\" decoding=\"async\" class=\"alignnone  wp-image-1189\" src=\"https:\/\/www.sv-listrup.de\/wp-content\/uploads\/2015\/08\/fc-47-leschede.png\" alt=\"fc 47 leschede\" width=\"92\" height=\"92\" \/><\/a>\u00a0 \u00a0 \u00a0\u00a0\u00a0 <a href=\"https:\/\/www.sv-listrup.de\/wp-content\/uploads\/2015\/08\/cocordia.jpg\"><img loading=\"lazy\" decoding=\"async\" class=\"alignnone size-full wp-image-1190\" src=\"https:\/\/www.sv-listrup.de\/wp-content\/uploads\/2015\/08\/cocordia.jpg\" alt=\"cocordia\" width=\"78\" height=\"90\" \/><\/a><\/p>\n\n\n<ul>\n<li>\n<h5><strong><a href=\"https:\/\/www.sv-listrup.de\/?page_id=1118\">A1 \u2013 Spielort Emsb\u00fcren<\/a><\/strong><\/h5>\n<\/li>\n<li>\n<h5><strong><a href=\"https:\/\/www.sv-listrup.de\/?page_id=1120\">A2 \u2013 Spielort Emsb\u00fcren<\/a><\/strong><\/h5>\n<\/li>\n<li>\n<h5><strong><a href=\"https:\/\/www.sv-listrup.de\/?page_id=5602\">A3 \u2013 Spielort Listrup<\/a><\/strong><\/h5>\n<\/li>\n<li>\n<h5><strong><a href=\"https:\/\/www.sv-listrup.de\/?page_id=1122\">B1 \u2013 Spielort Leschede<\/a><\/strong><\/h5>\n<\/li>\n<li>\n<h5><strong><a href=\"https:\/\/www.sv-listrup.de\/?page_id=1124\">B2 \u2013 Spielort Leschede<\/a><\/strong><\/h5>\n<\/li>\n<li>\n<h5><strong><a href=\"https:\/\/www.sv-listrup.de\/?page_id=1126\">B3 \u2013 Spielort Leschede<\/a><\/strong><\/h5>\n<\/li>\n<li>\n<h5><strong><a href=\"https:\/\/www.sv-listrup.de\/?page_id=2190\">B4 \u2013 Spielort Listrup<\/a><\/strong><\/h5>\n<\/li>\n<li>\n<h5><strong><a href=\"https:\/\/www.sv-listrup.de\/?page_id=1128\">C1 \u2013 Spielort Emsb\u00fcren<\/a><\/strong><\/h5>\n<\/li>\n<li>\n<h5><strong><a href=\"https:\/\/www.sv-listrup.de\/?page_id=36\">C2 \u2013 Spielort Leschede<\/a><\/strong><\/h5>\n<\/li>\n<li>\n<h5><strong><a href=\"https:\/\/www.sv-listrup.de\/?page_id=1130\">C3 \u2013 Spielort Emsb\u00fcren<\/a><\/strong><\/h5>\n<\/li>\n<li>\n<h5><a href=\"https:\/\/www.sv-listrup.de\/?page_id=1132\"><strong>D1 \u2013 Spielort Listrup\/Emsb\u00fcren<\/strong><\/a><\/h5>\n<\/li>\n<\/ul>\n","protected":false},"excerpt":{"rendered":"<p>Seit vielen Jahren bilden die Vereine Concordia Emsb\u00fcren, Fc 47 Leschede und der SV Listrup in der Bereichen C- ,B- und A-Junioren eine erfolgreiche Jugendspielgemeinschaft. Diese JSG erf\u00fcllt vor allem dem Zweck die besten Fu\u00dfballer der Gemeinde in einer Mannschaft spielen zu lassen, um so deren\u00a0Talent und Spielverst\u00e4ndnis in einer h\u00f6heren Spielklasse weiter zu f\u00f6rdern. Zudem erm\u00f6glicht uns die Jugendspielgemeinschaft auch f\u00fcr die etwas \u00e4lteren Fu\u00dfballbegeisterten Jugendlichen Jugendfu\u00dfball in Listrup\u00a0anbieten zu k\u00f6nnen, was in fr\u00fcheren Jahren aufgrund der ab \u00a0der C-Jugend mehr ben\u00f6tigten Spieler (11er) und vieler Abg\u00e4nge\u00a0nicht m\u00f6glich war. Bei knappem Personal kann auf Spieler der in Leschede oder Emsb\u00fcren spielenden Mannschaften zur\u00fcckgegriffen werden. Dieses Modell konnte in den letzen Jahren gro\u00dfe Erfolge nachweisen und erm\u00f6glicht uns auch in diesem Jahr eine C- sowie A-Junioren mit \u00a0Listruper und Holstener Spielern in Listrup zu sehen. Federf\u00fchrend sind f\u00fcr die C-Junioren der SV-Listrup; f\u00fcr die B-Junioren der Fc 47 Leschede und f\u00fcr die A-Junioren die Concordia aus Emsb\u00fcren. \u00a0 \u00a0\u00a0 \u00a0 \u00a0\u00a0\u00a0 A1 \u2013 Spielort Emsb\u00fcren A2 \u2013 Spielort Emsb\u00fcren A3 \u2013 Spielort Listrup B1 \u2013 Spielort Leschede B2 \u2013 Spielort [&hellip;]<\/p>\n","protected":false},"author":7,"featured_media":0,"parent":0,"menu_order":17,"comment_status":"open","ping_status":"open","template":"","meta":{"footnotes":""},"class_list":["post-1186","page","type-page","status-publish","hentry"],"_links":{"self":[{"href":"https:\/\/www.sv-listrup.de\/index.php?rest_route=\/wp\/v2\/pages\/1186","targetHints":{"allow":["GET"]}}],"collection":[{"href":"https:\/\/www.sv-listrup.de\/index.php?rest_route=\/wp\/v2\/pages"}],"about":[{"href":"https:\/\/www.sv-listrup.de\/index.php?rest_route=\/wp\/v2\/types\/page"}],"author":[{"embeddable":true,"href":"https:\/\/www.sv-listrup.de\/index.php?rest_route=\/wp\/v2\/users\/7"}],"replies":[{"embeddable":true,"href":"https:\/\/www.sv-listrup.de\/index.php?rest_route=%2Fwp%2Fv2%2Fcomments&post=1186"}],"version-history":[{"count":6,"href":"https:\/\/www.sv-listrup.de\/index.php?rest_route=\/wp\/v2\/pages\/1186\/revisions"}],"predecessor-version":[{"id":6329,"href":"https:\/\/www.sv-listrup.de\/index.php?rest_route=\/wp\/v2\/pages\/1186\/revisions\/6329"}],"wp:attachment":[{"href":"https:\/\/www.sv-listrup.de\/index.php?rest_route=%2Fwp%2Fv2%2Fmedia&parent=1186"}],"curies":[{"name":"wp","href":"https:\/\/api.w.org\/{rel}","templated":true}]}}