{"id":136,"date":"2015-02-06T17:36:10","date_gmt":"2015-02-06T17:36:10","guid":{"rendered":"http:\/\/sv-listrup.de\/?page_id=136"},"modified":"2015-02-24T13:44:04","modified_gmt":"2015-02-24T13:44:04","slug":"defibrillator","status":"publish","type":"page","link":"https:\/\/www.sv-listrup.de\/?page_id=136","title":{"rendered":"Defibrillator"},"content":{"rendered":"<p>Defibrillator am Sportplatz in Listrup!<\/p>\n<p>Am Sportplatz befindet sich seit einiger Zeit ein Defibrillator. Er kann in Notf\u00e4llen von jedermann dort abgeholt werden. Er befindet sich im Raum der Damentoiletten, der immer zug\u00e4nglich ist. Die Verwendung des Ger\u00e4tes ist nahezu selbsterkl\u00e4rend.<\/p>\n<p>Bitte gebt diese Info an alle Listruper weiter!<\/p>\n<p><a href=\"http:\/\/www.proherz.info\/leben-retten-lernen\/\" target=\"_blank\">Einen Leitfaden f\u00fcr den Herznotfall gibt es auf dieser Seite!<\/a><\/p>\n<p>Weitere Standorte der Defibrillatoren in der Gemeinde Emsb\u00fcren sind zu finden im Rathaus, im Ems-Bad, auf den Sportpl\u00e4tzen des SV Concordia, des FC 47 Leschede, der Elbergener Sportgemeinschaft sowie an den Dorfgemeinschaftsh\u00e4usern in Ahlde, Gleesen und Mehringen.<\/p>\n<p>Weitere Informationen zu den Standorten gibt es <a href=\"http:\/\/www.proherz.info\/aed-standorte\/gemeinde-emsb%C3%BCren\/\" target=\"_blank\">hier!<\/a><\/p>\n","protected":false},"excerpt":{"rendered":"<p>Defibrillator am Sportplatz in Listrup! Am Sportplatz befindet sich seit einiger Zeit ein Defibrillator. Er kann in Notf\u00e4llen von jedermann dort abgeholt werden. Er befindet sich im Raum der Damentoiletten, der immer zug\u00e4nglich ist. Die Verwendung des Ger\u00e4tes ist nahezu selbsterkl\u00e4rend. Bitte gebt diese Info an alle Listruper weiter! Einen Leitfaden f\u00fcr den Herznotfall gibt es auf dieser Seite! Weitere Standorte der Defibrillatoren in der Gemeinde Emsb\u00fcren sind zu finden im Rathaus, im Ems-Bad, auf den Sportpl\u00e4tzen des SV Concordia, des FC 47 Leschede, der Elbergener Sportgemeinschaft sowie an den Dorfgemeinschaftsh\u00e4usern in Ahlde, Gleesen und Mehringen. Weitere Informationen zu den Standorten gibt es hier!<\/p>\n","protected":false},"author":1,"featured_media":0,"parent":0,"menu_order":31,"comment_status":"open","ping_status":"open","template":"","meta":{"footnotes":""},"class_list":["post-136","page","type-page","status-publish","hentry"],"_links":{"self":[{"href":"https:\/\/www.sv-listrup.de\/index.php?rest_route=\/wp\/v2\/pages\/136","targetHints":{"allow":["GET"]}}],"collection":[{"href":"https:\/\/www.sv-listrup.de\/index.php?rest_route=\/wp\/v2\/pages"}],"about":[{"href":"https:\/\/www.sv-listrup.de\/index.php?rest_route=\/wp\/v2\/types\/page"}],"author":[{"embeddable":true,"href":"https:\/\/www.sv-listrup.de\/index.php?rest_route=\/wp\/v2\/users\/1"}],"replies":[{"embeddable":true,"href":"https:\/\/www.sv-listrup.de\/index.php?rest_route=%2Fwp%2Fv2%2Fcomments&post=136"}],"version-history":[{"count":2,"href":"https:\/\/www.sv-listrup.de\/index.php?rest_route=\/wp\/v2\/pages\/136\/revisions"}],"predecessor-version":[{"id":390,"href":"https:\/\/www.sv-listrup.de\/index.php?rest_route=\/wp\/v2\/pages\/136\/revisions\/390"}],"wp:attachment":[{"href":"https:\/\/www.sv-listrup.de\/index.php?rest_route=%2Fwp%2Fv2%2Fmedia&parent=136"}],"curies":[{"name":"wp","href":"https:\/\/api.w.org\/{rel}","templated":true}]}}