{"id":286,"date":"2015-02-24T10:12:21","date_gmt":"2015-02-24T10:12:21","guid":{"rendered":"http:\/\/sv-listrup.de\/?page_id=286"},"modified":"2015-02-24T10:13:48","modified_gmt":"2015-02-24T10:13:48","slug":"lottoclub-statuten","status":"publish","type":"page","link":"https:\/\/www.sv-listrup.de\/?page_id=286","title":{"rendered":"Lottoclub &#8211; Statuten"},"content":{"rendered":"<div>\n<p style=\"text-align: center;\"><strong>Satzung des Lottoclubs SV Listrup <\/strong><\/p>\n<\/div>\n<div>\n<p><strong>\u00a7 1 Zweck<\/strong><\/p>\n<\/div>\n<div>\n<p>Zweck des Lottoclubs SV Listrup ist das Betreiben einer Lottospielgemeinschaft. An etwaigen Gewinnen wird der SV Listrup gem. \u00a7 6 beteiligt und dadurch gef\u00f6rdert.<\/p>\n<p>&nbsp;<\/p>\n<\/div>\n<div>\n<p><strong>\u00a7 2 Mitglieder<\/strong><\/p>\n<\/div>\n<div>\n<p>Der Lottoclub besteht aus maximal 49 Mitgliedern, von denen jedes Mitglied Inhaber einer Zahl von 1 bis 49 ist. Die Mitgliedschaft beginnt mit der Zuteilung einer freien Zahl ab dem Zeitpunkt der Zuteilung und endet, sofern nicht ausdr\u00fccklich ein konkretes zuk\u00fcnftiges Austrittsdatum vereinbart wird, unmittelbar mit der Austrittserkl\u00e4rung gegen\u00fcber dem zust\u00e4ndigen Spielleiter.<\/p>\n<p>&nbsp;<\/p>\n<\/div>\n<div>\n<p><strong>\u00a7 3 Spielleiter<\/strong><\/p>\n<\/div>\n<div>\n<p>Der Spielleiter ist ein Mitglied des Lottoclubs und wird f\u00fcr unbestimmte Zeit vom Vorstand des SV Listrup ernannt.<\/p>\n<p>&nbsp;<\/p>\n<\/div>\n<div>\n<p><strong>\u00a7 4 Spielbetrieb<\/strong><\/p>\n<\/div>\n<div>\n<p>Der Lottoclub beteiligt sich an der Samstagsziehung 6 aus 49 des deutschen Lottoblocks. Es werden 8 Bl\u00f6cke mit folgenden Zahlen getippt:<\/p>\n<\/div>\n<div>\n<p>1.Block:<\/p>\n<p>1, 15, 19, 27, 43, 47<\/p>\n<\/div>\n<div>\u00a0<\/div>\n<div>\n<p>2.Block:<\/p>\n<p>4, 9, 23, 30, 40, 45<\/p>\n<p>&nbsp;<\/p>\n<\/div>\n<div>\n<p>3.Block:<\/p>\n<p>8, 17, 19, 32, 39, 42<\/p>\n<p>&nbsp;<\/p>\n<\/div>\n<div>\n<p>4.Block:<\/p>\n<p>7, 12, 22, 29, 35, 45<\/p>\n<\/div>\n<div>\u00a0<\/div>\n<div>\n<p>5.Block: <\/p>\n<p>5, 9, 17, 27, 43, 45<\/p>\n<\/div>\n<div>\u00a0<\/div>\n<div>\n<p>6.Block:<\/p>\n<p>4, 13, 23, 30, 40, 49<\/p>\n<\/div>\n<div>\u00a0<\/div>\n<div>\n<p>7.Block:<\/p>\n<p>7, 12, 19, 32, 39, 46<\/p>\n<\/div>\n<div>\n<p>&nbsp;<\/p>\n<p>8. Block:<\/p>\n<p>14, 19, 22, 29, 35, 40<\/p>\n<\/div>\n<div>\n<p>Zus\u00e4tzlich wird an den Spielen \u201cSuper6\u201c und \u201cSpiel77\u201c teilgenommen.<\/p>\n<p>&nbsp;<\/p>\n<\/div>\n<div>\n<p><strong>\u00a7 5 Beitrag<\/strong><\/p>\n<\/div>\n<div>\n<p>Der Beitrag betr\u00e4gt je Mitglied 1,- \u20ac pro Woche. Der Spielleiter hat einmal im Jahr \u00fcber die Kontost\u00e4nde der Mitglieder abzurechnen. Der Beitrag wird f\u00e4llig einen Monat nach Mitteilung des Sollstandes. Wird der Sollstand nicht innerhalb dieser Zeit ausgeglichen, scheidet das Mitglied ohne weitere Mitteilung aus dem Lottoclub aus und nimmt ab diesem Zeitpunkt nicht mehr am Gewinn teil. Die Verpflichtung zum Ausgleich des Sollstandes bleibt bestehen. Befindet sich das Konto zum Abrechnungszeitpunkt im Haben, kann das Mitglied Auszahlung des Guthabens verlangen. Die Abrechnung des Spielleiters kann vom Vorstand des Sportvereins \u00fcberpr\u00fcft werden.<\/p>\n<\/div>\n<div>\u00a0<\/div>\n<div><strong>\u00a7 6 Gewinne der einzelnen Mitglieder <\/strong><\/div>\n<div>\n<p>Die 6 Mitspieler, dessen Zahl in der jeweiligen Samstagsziehung gezogen wird, bekommen jeweils 4,- \u20ac als Gewinn auf ihrem Konto gutgeschrieben.<\/p>\n<p>&nbsp;<\/p>\n<\/div>\n<div>\n<p><strong>\u00a7 7 Gewinne der Spielgemeinschaft <\/strong><\/p>\n<\/div>\n<div>\n<p>a) Gewinne bis 500,- \u20ac<\/p>\n<\/div>\n<div>\n<p>Die Gewinnsumme wird zur freien Verf\u00fcgung an den SV Listrup ausgezahlt.<\/p>\n<p>&nbsp;<\/p>\n<\/div>\n<div>\n<p>b) Gewinne \u00fcber 500,- \u20ac<\/p>\n<\/div>\n<div>\n<p>Die Gewinnsumme wird zu 50 Anteilen aufgeteilt und an die 49 Mitspieler sowie als f\u00fcnfzigsten Anteil an den SV Listrup ausgezahlt.<\/p>\n<p>&nbsp;<\/p>\n<\/div>\n<div>\n<p><strong>\u00a7 8 Satzungs\u00e4nderungen <\/strong><\/p>\n<\/div>\n<div>\n<p>Satzungs\u00e4nderungen k\u00f6nnen mit einfacher Mehrheit der auf einer Versammlung des Lottoclubs anwesenden Mitglieder beschlossen werden. Eine Versammlung soll alle zwei Jahre stattfinden. \u00dcber den Termin und den Ort der Versammlung sind alle Mitglieder mindestens zwei Wochen vorher durch Aushang im Info-Kasten bei Oldeweme zu informieren. Der Spielleiter kann seine Mitglieder dar\u00fcber hinaus schriftlich informieren.<\/p>\n<\/div>\n","protected":false},"excerpt":{"rendered":"<p>Satzung des Lottoclubs SV Listrup \u00a7 1 Zweck Zweck des Lottoclubs SV Listrup ist das Betreiben einer Lottospielgemeinschaft. An etwaigen Gewinnen wird der SV Listrup gem. \u00a7 6 beteiligt und dadurch gef\u00f6rdert. &nbsp; \u00a7 2 Mitglieder Der Lottoclub besteht aus maximal 49 Mitgliedern, von denen jedes Mitglied Inhaber einer Zahl von 1 bis 49 ist. Die Mitgliedschaft beginnt mit der Zuteilung einer freien Zahl ab dem Zeitpunkt der Zuteilung und endet, sofern nicht ausdr\u00fccklich ein konkretes zuk\u00fcnftiges Austrittsdatum vereinbart wird, unmittelbar mit der Austrittserkl\u00e4rung gegen\u00fcber dem zust\u00e4ndigen Spielleiter. &nbsp; \u00a7 3 Spielleiter Der Spielleiter ist ein Mitglied des Lottoclubs und wird f\u00fcr unbestimmte Zeit vom Vorstand des SV Listrup ernannt. &nbsp; \u00a7 4 Spielbetrieb Der Lottoclub beteiligt sich an der Samstagsziehung 6 aus 49 des deutschen Lottoblocks. Es werden 8 Bl\u00f6cke mit folgenden Zahlen getippt: 1.Block: 1, 15, 19, 27, 43, 47 \u00a0 2.Block: 4, 9, 23, 30, 40, 45 &nbsp; 3.Block: 8, 17, 19, 32, 39, 42 &nbsp; 4.Block: 7, 12, 22, 29, 35, 45 \u00a0 5.Block: 5, 9, 17, 27, 43, 45 \u00a0 6.Block: 4, 13, 23, 30, [&hellip;]<\/p>\n","protected":false},"author":1,"featured_media":0,"parent":0,"menu_order":28,"comment_status":"open","ping_status":"open","template":"","meta":{"footnotes":""},"class_list":["post-286","page","type-page","status-publish","hentry"],"_links":{"self":[{"href":"https:\/\/www.sv-listrup.de\/index.php?rest_route=\/wp\/v2\/pages\/286","targetHints":{"allow":["GET"]}}],"collection":[{"href":"https:\/\/www.sv-listrup.de\/index.php?rest_route=\/wp\/v2\/pages"}],"about":[{"href":"https:\/\/www.sv-listrup.de\/index.php?rest_route=\/wp\/v2\/types\/page"}],"author":[{"embeddable":true,"href":"https:\/\/www.sv-listrup.de\/index.php?rest_route=\/wp\/v2\/users\/1"}],"replies":[{"embeddable":true,"href":"https:\/\/www.sv-listrup.de\/index.php?rest_route=%2Fwp%2Fv2%2Fcomments&post=286"}],"version-history":[{"count":3,"href":"https:\/\/www.sv-listrup.de\/index.php?rest_route=\/wp\/v2\/pages\/286\/revisions"}],"predecessor-version":[{"id":289,"href":"https:\/\/www.sv-listrup.de\/index.php?rest_route=\/wp\/v2\/pages\/286\/revisions\/289"}],"wp:attachment":[{"href":"https:\/\/www.sv-listrup.de\/index.php?rest_route=%2Fwp%2Fv2%2Fmedia&parent=286"}],"curies":[{"name":"wp","href":"https:\/\/api.w.org\/{rel}","templated":true}]}}