{"id":4456,"date":"2018-07-24T07:29:52","date_gmt":"2018-07-24T05:29:52","guid":{"rendered":"http:\/\/sv-listrup.de\/?page_id=4456"},"modified":"2026-01-14T15:09:53","modified_gmt":"2026-01-14T14:09:53","slug":"svl-fanshop","status":"publish","type":"page","link":"https:\/\/www.sv-listrup.de\/?page_id=4456","title":{"rendered":"SVL-Fanshop"},"content":{"rendered":"<div id=\"id_5b56b9073d96f9717282886\" class=\"text_exposed_root text_exposed\">\n<p><span style=\"font-size: 18pt;\"><span class=\"_5mfr _47e3\">M<\/span>erchandise beim SVL <span class=\"_5mfr _47e3\"><span class=\"_7oe\">\ud83d\udd1d<\/span><\/span><\/span><\/p>\n<\/div>\n<h3>Ab Ende Januar 2026 geht der neue Online Shop mit Intersport Schulte aus Schapen online. <br \/>Ihr k\u00f6nnt k\u00fcnftig somit direkt \u00fcber den Onlineshop oder sogar vor Ort im Laden SVL Klamotten anprobieren und erwerben!<br \/><br \/>Hier der Link: <a href=\"https:\/\/sporthaus-schulte.de\/\">https:\/\/sporthaus-schulte.de\/<\/a>\u00a0<\/h3>\n<p><img loading=\"lazy\" decoding=\"async\" class=\"alignnone wp-image-6285 size-full\" src=\"https:\/\/www.sv-listrup.de\/wp-content\/uploads\/2020\/04\/sammlung.jpg\" alt=\"\" width=\"1500\" height=\"1042\" srcset=\"https:\/\/www.sv-listrup.de\/wp-content\/uploads\/2020\/04\/sammlung.jpg 1500w, https:\/\/www.sv-listrup.de\/wp-content\/uploads\/2020\/04\/sammlung-300x208.jpg 300w, https:\/\/www.sv-listrup.de\/wp-content\/uploads\/2020\/04\/sammlung-1024x711.jpg 1024w, https:\/\/www.sv-listrup.de\/wp-content\/uploads\/2020\/04\/sammlung-768x534.jpg 768w\" sizes=\"auto, (max-width: 1500px) 100vw, 1500px\" \/><\/p>\n\n\n<div class=\"wp-block-file\"><a id=\"wp-block-file--media-74cced32-f290-418f-8f83-97fbedfcb588\" href=\"https:\/\/www.sv-listrup.de\/wp-content\/uploads\/2019\/03\/sv-listrup-2-1.mp3\">Vereinshymne SVL<\/a><a href=\"https:\/\/www.sv-listrup.de\/wp-content\/uploads\/2019\/03\/sv-listrup-2-1.mp3\" class=\"wp-block-file__button wp-element-button\" download aria-describedby=\"wp-block-file--media-74cced32-f290-418f-8f83-97fbedfcb588\">Herunterladen<\/a><\/div>\n\n\n\n\n\n\n","protected":false},"excerpt":{"rendered":"<p>Merchandise beim SVL \ud83d\udd1d Ab Ende Januar 2026 geht der neue Online Shop mit Intersport Schulte aus Schapen online. Ihr k\u00f6nnt k\u00fcnftig somit direkt \u00fcber den Onlineshop oder sogar vor Ort im Laden SVL Klamotten anprobieren und erwerben! Hier der Link: https:\/\/sporthaus-schulte.de\/\u00a0<\/p>\n","protected":false},"author":7,"featured_media":0,"parent":0,"menu_order":9,"comment_status":"open","ping_status":"closed","template":"svl-shop.php","meta":{"footnotes":""},"class_list":["post-4456","page","type-page","status-publish","hentry"],"_links":{"self":[{"href":"https:\/\/www.sv-listrup.de\/index.php?rest_route=\/wp\/v2\/pages\/4456","targetHints":{"allow":["GET"]}}],"collection":[{"href":"https:\/\/www.sv-listrup.de\/index.php?rest_route=\/wp\/v2\/pages"}],"about":[{"href":"https:\/\/www.sv-listrup.de\/index.php?rest_route=\/wp\/v2\/types\/page"}],"author":[{"embeddable":true,"href":"https:\/\/www.sv-listrup.de\/index.php?rest_route=\/wp\/v2\/users\/7"}],"replies":[{"embeddable":true,"href":"https:\/\/www.sv-listrup.de\/index.php?rest_route=%2Fwp%2Fv2%2Fcomments&post=4456"}],"version-history":[{"count":26,"href":"https:\/\/www.sv-listrup.de\/index.php?rest_route=\/wp\/v2\/pages\/4456\/revisions"}],"predecessor-version":[{"id":9192,"href":"https:\/\/www.sv-listrup.de\/index.php?rest_route=\/wp\/v2\/pages\/4456\/revisions\/9192"}],"wp:attachment":[{"href":"https:\/\/www.sv-listrup.de\/index.php?rest_route=%2Fwp%2Fv2%2Fmedia&parent=4456"}],"curies":[{"name":"wp","href":"https:\/\/api.w.org\/{rel}","templated":true}]}}