{"id":8526,"date":"2023-11-14T08:39:45","date_gmt":"2023-11-14T07:39:45","guid":{"rendered":"https:\/\/www.sv-listrup.de\/?page_id=8526"},"modified":"2024-10-14T09:56:18","modified_gmt":"2024-10-14T07:56:18","slug":"75-jahre-sv-listrup","status":"publish","type":"page","link":"https:\/\/www.sv-listrup.de\/?page_id=8526","title":{"rendered":"75 Jahre SV Listrup"},"content":{"rendered":"\n\n<h2>R\u00fcckblick\u2013 SV Listrup 75 Jahre !<\/h2>\n<h6><span style=\"font-size: 9.0pt; font-family: 'Verdana',sans-serif; color: black;\">Der Sportverein Listrup 1949 e.V. feiert im Jahr 2024 sein 75-J\u00e4hriges Vereinsjubil\u00e4um.<\/span><\/h6>\n<p>Unser SVL hat mit einem gro\u00dfen Festwochenende geb\u00fchrend seinen 75. Geburtstag gefeiert.\u00a0<br \/>Ihr findet Bilder und die Texte zum Fest in den beiden nachfolgenden Beitr\u00e4gen:<br \/><br \/><\/p>\n<p><a href=\"https:\/\/www.sv-listrup.de\/?p=8926\"><strong>75 Jahre SVL \u2013 R\u00fcckblick Teil 2! https:\/\/www.sv-listrup.de\/?p=8926<\/strong><\/a><\/p>\n<p><a href=\"https:\/\/www.sv-listrup.de\/?p=8918\"><strong>75 Jahre SVL \u2013 R\u00fcckblick Teil 1! https:\/\/www.sv-listrup.de\/?p=8918<\/strong><\/a><\/p>\n<p>\u00a0<\/p>\n<p>_____________________________________<\/p>\n<p>Pressemeldung 75 Jahre SVL:<\/p>\n<p><span style=\"font-size: 9.0pt; font-family: 'Verdana',sans-serif; color: black;\">Am Wochenende 14.-16. Juni 2024 wird f\u00fcr alle Altersgruppen ein buntes Rahmenprogramm auf die Beine gestellt. Hierzu l\u00e4dt der Vorstand bereits jetzt alle Freunde, Nachbarn und Bekannte des SV Listrup herzlichst ein und bitte darum, sich den Termin entsprechend vorzumerken.<\/span><\/p>\n<p><span style=\"font-size: 9.0pt; font-family: 'Verdana',sans-serif; color: black;\">Der Freitag (14. Juni) startet mit einem Kommersabend, wird aber aufgrund des dann beginnenden Heim-EM-Turniers nicht wie \u00fcblich mit 5 Stunden langatmiger Reden geschm\u00fcckt, sondern endet bereits um 21:00 Uhr mit der \u00dcbertragung des EM-Er\u00f6ffnungsspiels unserer Nationalmannschaft auf einer gro\u00dfen Leinwand.<\/span><\/p>\n<p><span style=\"font-size: 9.0pt; font-family: 'Verdana',sans-serif; color: black;\">Am Samstag (15. Juni) sollen die Nachbarorte eingeladen werden und\u00a0an einem \u201eCup der Ortschaften\u201c teilnehmen und sich von ihren Dorfbewohnern entsprechend unterst\u00fctzen lassen. Abends wird (genau wie bereits am Freitag) mit Unterst\u00fctzung von DJ Tobi eine gro\u00dfe Party im Festzelt gefeiert. <br \/>Der Sonntag (16.Juni) steht dann ganz im Zeichen der Kinder und Familien, neben einem Jugendturnier wird ein entsprechendes Rahmenprogramm f\u00fcr Kinder jeder Altersgruppe\u00a0pr\u00e4sentiert, dazu plant der Verein\u00a0wieder ein gro\u00dfes Kaffee- und Kuchenbuffet sowie verschiedene Spielattraktionen.<\/span><\/p>\n<p><a href=\"https:\/\/www.sv-listrup.de\/wp-content\/uploads\/2023\/11\/Jubilaeum-Flyer-cn03.pdf\">Jubilaeum-Flyer- Save The Date Festwochenende 75 Jahre SVL (zum Download klicken)<\/a><\/p>\n\n\n<figure class=\"wp-block-image size-large\"><a href=\"https:\/\/www.sv-listrup.de\/wp-content\/uploads\/2024\/04\/Flyer-Jubilaeum-samstag.png\"><img loading=\"lazy\" decoding=\"async\" width=\"693\" height=\"1024\" src=\"https:\/\/www.sv-listrup.de\/wp-content\/uploads\/2024\/04\/Flyer-Jubilaeum-samstag-693x1024.png\" alt=\"\" class=\"wp-image-8914\" srcset=\"https:\/\/www.sv-listrup.de\/wp-content\/uploads\/2024\/04\/Flyer-Jubilaeum-samstag-693x1024.png 693w, https:\/\/www.sv-listrup.de\/wp-content\/uploads\/2024\/04\/Flyer-Jubilaeum-samstag-203x300.png 203w, https:\/\/www.sv-listrup.de\/wp-content\/uploads\/2024\/04\/Flyer-Jubilaeum-samstag-768x1134.png 768w, https:\/\/www.sv-listrup.de\/wp-content\/uploads\/2024\/04\/Flyer-Jubilaeum-samstag-1040x1536.png 1040w, https:\/\/www.sv-listrup.de\/wp-content\/uploads\/2024\/04\/Flyer-Jubilaeum-samstag-1387x2048.png 1387w\" sizes=\"auto, (max-width: 693px) 100vw, 693px\" \/><\/a><\/figure>\n\n\n\n<p>&nbsp;<\/p>\n<p><em>Die Logos sind nach R\u00fccksprache mit dem Vorstand oder dem Festausschuss f\u00fcr Veranstaltungen im Rahmen des Vereinsjubil\u00e4ums frei verwendbar! Das Copyright liegt bei Carolin Niemeyer<\/em><\/p>\n\n\n\n<div class=\"wp-block-file\"><a id=\"wp-block-file--media-449179aa-bf11-4f62-9cba-4e6b8d3f1bf7\" href=\"https:\/\/www.sv-listrup.de\/wp-content\/uploads\/2023\/11\/SVL-Jubilaeumslogo-RGB-01.png\">SVL-Jubilaeumslogo-RGB-01.png<\/a><a href=\"https:\/\/www.sv-listrup.de\/wp-content\/uploads\/2023\/11\/SVL-Jubilaeumslogo-RGB-01.png\" class=\"wp-block-file__button wp-element-button\" download aria-describedby=\"wp-block-file--media-449179aa-bf11-4f62-9cba-4e6b8d3f1bf7\">Herunterladen<\/a><\/div>\n\n\n\n<div class=\"wp-block-file\"><a id=\"wp-block-file--media-314bb61b-3468-450a-aa40-8a507a1eb175\" href=\"https:\/\/www.sv-listrup.de\/wp-content\/uploads\/2023\/11\/SVL-Jubilaeumslogo-RGB-01-scaled.jpg\">SVL-Jubilaeumslogo-RGB-01.jpg<\/a><a href=\"https:\/\/www.sv-listrup.de\/wp-content\/uploads\/2023\/11\/SVL-Jubilaeumslogo-RGB-01-scaled.jpg\" class=\"wp-block-file__button wp-element-button\" download aria-describedby=\"wp-block-file--media-314bb61b-3468-450a-aa40-8a507a1eb175\">Herunterladen<\/a><\/div>\n\n\n\n<div class=\"wp-block-file\"><a id=\"wp-block-file--media-4e8ac0b8-6c62-4fab-bb21-61480c0edd02\" href=\"https:\/\/www.sv-listrup.de\/wp-content\/uploads\/2023\/11\/SVL-Jubilaeumslogo-CMYK.pdf\">SVL-Jubilaeumslogo-CMYK.pdf<\/a><a href=\"https:\/\/www.sv-listrup.de\/wp-content\/uploads\/2023\/11\/SVL-Jubilaeumslogo-CMYK.pdf\" class=\"wp-block-file__button wp-element-button\" download aria-describedby=\"wp-block-file--media-4e8ac0b8-6c62-4fab-bb21-61480c0edd02\">Herunterladen<\/a><\/div>\n\n\n\n\n\n<figure class=\"wp-block-image size-large\"><a href=\"https:\/\/www.sv-listrup.de\/wp-content\/uploads\/2024\/01\/Flyer-Festwochenende-Uebersicht.jpg\"><img loading=\"lazy\" decoding=\"async\" width=\"724\" height=\"1024\" src=\"https:\/\/www.sv-listrup.de\/wp-content\/uploads\/2024\/01\/Flyer-Festwochenende-Uebersicht-724x1024.jpg\" alt=\"\" class=\"wp-image-8672\" srcset=\"https:\/\/www.sv-listrup.de\/wp-content\/uploads\/2024\/01\/Flyer-Festwochenende-Uebersicht-724x1024.jpg 724w, https:\/\/www.sv-listrup.de\/wp-content\/uploads\/2024\/01\/Flyer-Festwochenende-Uebersicht-212x300.jpg 212w, https:\/\/www.sv-listrup.de\/wp-content\/uploads\/2024\/01\/Flyer-Festwochenende-Uebersicht-768x1086.jpg 768w, https:\/\/www.sv-listrup.de\/wp-content\/uploads\/2024\/01\/Flyer-Festwochenende-Uebersicht.jpg 850w\" sizes=\"auto, (max-width: 724px) 100vw, 724px\" \/><\/a><\/figure>\n\n\n\n<figure class=\"wp-block-image size-large\"><a href=\"https:\/\/www.sv-listrup.de\/wp-content\/uploads\/2023\/11\/533a24da-e641-4201-8ed1-2edcb984a86e.jpeg\"><img loading=\"lazy\" decoding=\"async\" width=\"724\" height=\"1024\" src=\"https:\/\/www.sv-listrup.de\/wp-content\/uploads\/2023\/11\/533a24da-e641-4201-8ed1-2edcb984a86e-724x1024.jpeg\" alt=\"\" class=\"wp-image-8573\" srcset=\"https:\/\/www.sv-listrup.de\/wp-content\/uploads\/2023\/11\/533a24da-e641-4201-8ed1-2edcb984a86e-724x1024.jpeg 724w, https:\/\/www.sv-listrup.de\/wp-content\/uploads\/2023\/11\/533a24da-e641-4201-8ed1-2edcb984a86e-212x300.jpeg 212w, https:\/\/www.sv-listrup.de\/wp-content\/uploads\/2023\/11\/533a24da-e641-4201-8ed1-2edcb984a86e-768x1086.jpeg 768w, https:\/\/www.sv-listrup.de\/wp-content\/uploads\/2023\/11\/533a24da-e641-4201-8ed1-2edcb984a86e-1086x1536.jpeg 1086w, https:\/\/www.sv-listrup.de\/wp-content\/uploads\/2023\/11\/533a24da-e641-4201-8ed1-2edcb984a86e.jpeg 1131w\" sizes=\"auto, (max-width: 724px) 100vw, 724px\" \/><\/a><\/figure>\n","protected":false},"excerpt":{"rendered":"<p>R\u00fcckblick\u2013 SV Listrup 75 Jahre ! Der Sportverein Listrup 1949 e.V. feiert im Jahr 2024 sein 75-J\u00e4hriges Vereinsjubil\u00e4um. Unser SVL hat mit einem gro\u00dfen Festwochenende geb\u00fchrend seinen 75. Geburtstag gefeiert.\u00a0Ihr findet Bilder und die Texte zum Fest in den beiden nachfolgenden Beitr\u00e4gen: 75 Jahre SVL \u2013 R\u00fcckblick Teil 2! https:\/\/www.sv-listrup.de\/?p=8926 75 Jahre SVL \u2013 R\u00fcckblick Teil 1! https:\/\/www.sv-listrup.de\/?p=8918 \u00a0 _____________________________________ Pressemeldung 75 Jahre SVL: Am Wochenende 14.-16. Juni 2024 wird f\u00fcr alle Altersgruppen ein buntes Rahmenprogramm auf die Beine gestellt. Hierzu l\u00e4dt der Vorstand bereits jetzt alle Freunde, Nachbarn und Bekannte des SV Listrup herzlichst ein und bitte darum, sich den Termin entsprechend vorzumerken. Der Freitag (14. Juni) startet mit einem Kommersabend, wird aber aufgrund des dann beginnenden Heim-EM-Turniers nicht wie \u00fcblich mit 5 Stunden langatmiger Reden geschm\u00fcckt, sondern endet bereits um 21:00 Uhr mit der \u00dcbertragung des EM-Er\u00f6ffnungsspiels unserer Nationalmannschaft auf einer gro\u00dfen Leinwand. Am Samstag (15. Juni) sollen die Nachbarorte eingeladen werden und\u00a0an einem \u201eCup der Ortschaften\u201c teilnehmen und sich von ihren Dorfbewohnern entsprechend unterst\u00fctzen lassen. Abends wird (genau wie bereits am Freitag) mit Unterst\u00fctzung von DJ Tobi [&hellip;]<\/p>\n","protected":false},"author":7,"featured_media":8528,"parent":0,"menu_order":0,"comment_status":"closed","ping_status":"closed","template":"","meta":{"footnotes":""},"class_list":["post-8526","page","type-page","status-publish","has-post-thumbnail","hentry"],"_links":{"self":[{"href":"https:\/\/www.sv-listrup.de\/index.php?rest_route=\/wp\/v2\/pages\/8526","targetHints":{"allow":["GET"]}}],"collection":[{"href":"https:\/\/www.sv-listrup.de\/index.php?rest_route=\/wp\/v2\/pages"}],"about":[{"href":"https:\/\/www.sv-listrup.de\/index.php?rest_route=\/wp\/v2\/types\/page"}],"author":[{"embeddable":true,"href":"https:\/\/www.sv-listrup.de\/index.php?rest_route=\/wp\/v2\/users\/7"}],"replies":[{"embeddable":true,"href":"https:\/\/www.sv-listrup.de\/index.php?rest_route=%2Fwp%2Fv2%2Fcomments&post=8526"}],"version-history":[{"count":18,"href":"https:\/\/www.sv-listrup.de\/index.php?rest_route=\/wp\/v2\/pages\/8526\/revisions"}],"predecessor-version":[{"id":9020,"href":"https:\/\/www.sv-listrup.de\/index.php?rest_route=\/wp\/v2\/pages\/8526\/revisions\/9020"}],"wp:featuredmedia":[{"embeddable":true,"href":"https:\/\/www.sv-listrup.de\/index.php?rest_route=\/wp\/v2\/media\/8528"}],"wp:attachment":[{"href":"https:\/\/www.sv-listrup.de\/index.php?rest_route=%2Fwp%2Fv2%2Fmedia&parent=8526"}],"curies":[{"name":"wp","href":"https:\/\/api.w.org\/{rel}","templated":true}]}}

<h2>Rückblick– SV Listrup 75 Jahre !</h2>
<h6><span style="font-size: 9.0pt; font-family: 'Verdana',sans-serif; color: black;">Der Sportverein Listrup 1949 e.V. feiert im Jahr 2024 sein 75-Jähriges Vereinsjubiläum.</span></h6>
<p>Unser SVL hat mit einem großen Festwochenende gebührend seinen 75. Geburtstag gefeiert. <br />Ihr findet Bilder und die Texte zum Fest in den beiden nachfolgenden Beiträgen:<br /><br /></p>
<p><a href="https://www.sv-listrup.de/?p=8926"><strong>75 Jahre SVL – Rückblick Teil 2! https://www.sv-listrup.de/?p=8926</strong></a></p>
<p><a href="https://www.sv-listrup.de/?p=8918"><strong>75 Jahre SVL – Rückblick Teil 1! https://www.sv-listrup.de/?p=8918</strong></a></p>
<p> </p>
<p>_____________________________________</p>
<p>Pressemeldung 75 Jahre SVL:</p>
<p><span style="font-size: 9.0pt; font-family: 'Verdana',sans-serif; color: black;">Am Wochenende 14.-16. Juni 2024 wird für alle Altersgruppen ein buntes Rahmenprogramm auf die Beine gestellt. Hierzu lädt der Vorstand bereits jetzt alle Freunde, Nachbarn und Bekannte des SV Listrup herzlichst ein und bitte darum, sich den Termin entsprechend vorzumerken.</span></p>
<p><span style="font-size: 9.0pt; font-family: 'Verdana',sans-serif; color: black;">Der Freitag (14. Juni) startet mit einem Kommersabend, wird aber aufgrund des dann beginnenden Heim-EM-Turniers nicht wie üblich mit 5 Stunden langatmiger Reden geschmückt, sondern endet bereits um 21:00 Uhr mit der Übertragung des EM-Eröffnungsspiels unserer Nationalmannschaft auf einer großen Leinwand.</span></p>
<p><span style="font-size: 9.0pt; font-family: 'Verdana',sans-serif; color: black;">Am Samstag (15. Juni) sollen die Nachbarorte eingeladen werden und an einem „Cup der Ortschaften“ teilnehmen und sich von ihren Dorfbewohnern entsprechend unterstützen lassen. Abends wird (genau wie bereits am Freitag) mit Unterstützung von DJ Tobi eine große Party im Festzelt gefeiert. <br />Der Sonntag (16.Juni) steht dann ganz im Zeichen der Kinder und Familien, neben einem Jugendturnier wird ein entsprechendes Rahmenprogramm für Kinder jeder Altersgruppe präsentiert, dazu plant der Verein wieder ein großes Kaffee- und Kuchenbuffet sowie verschiedene Spielattraktionen.</span></p>
<p><a href="https://www.sv-listrup.de/wp-content/uploads/2023/11/Jubilaeum-Flyer-cn03.pdf">Jubilaeum-Flyer- Save The Date Festwochenende 75 Jahre SVL (zum Download klicken)</a></p>


<figure class="wp-block-image size-large"><a href="https://www.sv-listrup.de/wp-content/uploads/2024/04/Flyer-Jubilaeum-samstag.png"><img loading="lazy" decoding="async" width="693" height="1024" src="https://www.sv-listrup.de/wp-content/uploads/2024/04/Flyer-Jubilaeum-samstag-693x1024.png" alt="" class="wp-image-8914" srcset="https://www.sv-listrup.de/wp-content/uploads/2024/04/Flyer-Jubilaeum-samstag-693x1024.png 693w, https://www.sv-listrup.de/wp-content/uploads/2024/04/Flyer-Jubilaeum-samstag-203x300.png 203w, https://www.sv-listrup.de/wp-content/uploads/2024/04/Flyer-Jubilaeum-samstag-768x1134.png 768w, https://www.sv-listrup.de/wp-content/uploads/2024/04/Flyer-Jubilaeum-samstag-1040x1536.png 1040w, https://www.sv-listrup.de/wp-content/uploads/2024/04/Flyer-Jubilaeum-samstag-1387x2048.png 1387w" sizes="auto, (max-width: 693px) 100vw, 693px" /></a></figure>



<p>&nbsp;</p>
<p><em>Die Logos sind nach Rücksprache mit dem Vorstand oder dem Festausschuss für Veranstaltungen im Rahmen des Vereinsjubiläums frei verwendbar! Das Copyright liegt bei Carolin Niemeyer</em></p>



<div class="wp-block-file"><a id="wp-block-file--media-449179aa-bf11-4f62-9cba-4e6b8d3f1bf7" href="https://www.sv-listrup.de/wp-content/uploads/2023/11/SVL-Jubilaeumslogo-RGB-01.png">SVL-Jubilaeumslogo-RGB-01.png</a><a href="https://www.sv-listrup.de/wp-content/uploads/2023/11/SVL-Jubilaeumslogo-RGB-01.png" class="wp-block-file__button wp-element-button" download aria-describedby="wp-block-file--media-449179aa-bf11-4f62-9cba-4e6b8d3f1bf7">Herunterladen</a></div>



<div class="wp-block-file"><a id="wp-block-file--media-314bb61b-3468-450a-aa40-8a507a1eb175" href="https://www.sv-listrup.de/wp-content/uploads/2023/11/SVL-Jubilaeumslogo-RGB-01-scaled.jpg">SVL-Jubilaeumslogo-RGB-01.jpg</a><a href="https://www.sv-listrup.de/wp-content/uploads/2023/11/SVL-Jubilaeumslogo-RGB-01-scaled.jpg" class="wp-block-file__button wp-element-button" download aria-describedby="wp-block-file--media-314bb61b-3468-450a-aa40-8a507a1eb175">Herunterladen</a></div>



<div class="wp-block-file"><a id="wp-block-file--media-4e8ac0b8-6c62-4fab-bb21-61480c0edd02" href="https://www.sv-listrup.de/wp-content/uploads/2023/11/SVL-Jubilaeumslogo-CMYK.pdf">SVL-Jubilaeumslogo-CMYK.pdf</a><a href="https://www.sv-listrup.de/wp-content/uploads/2023/11/SVL-Jubilaeumslogo-CMYK.pdf" class="wp-block-file__button wp-element-button" download aria-describedby="wp-block-file--media-4e8ac0b8-6c62-4fab-bb21-61480c0edd02">Herunterladen</a></div>





<figure class="wp-block-image size-large"><a href="https://www.sv-listrup.de/wp-content/uploads/2024/01/Flyer-Festwochenende-Uebersicht.jpg"><img loading="lazy" decoding="async" width="724" height="1024" src="https://www.sv-listrup.de/wp-content/uploads/2024/01/Flyer-Festwochenende-Uebersicht-724x1024.jpg" alt="" class="wp-image-8672" srcset="https://www.sv-listrup.de/wp-content/uploads/2024/01/Flyer-Festwochenende-Uebersicht-724x1024.jpg 724w, https://www.sv-listrup.de/wp-content/uploads/2024/01/Flyer-Festwochenende-Uebersicht-212x300.jpg 212w, https://www.sv-listrup.de/wp-content/uploads/2024/01/Flyer-Festwochenende-Uebersicht-768x1086.jpg 768w, https://www.sv-listrup.de/wp-content/uploads/2024/01/Flyer-Festwochenende-Uebersicht.jpg 850w" sizes="auto, (max-width: 724px) 100vw, 724px" /></a></figure>



<figure class="wp-block-image size-large"><a href="https://www.sv-listrup.de/wp-content/uploads/2023/11/533a24da-e641-4201-8ed1-2edcb984a86e.jpeg"><img loading="lazy" decoding="async" width="724" height="1024" src="https://www.sv-listrup.de/wp-content/uploads/2023/11/533a24da-e641-4201-8ed1-2edcb984a86e-724x1024.jpeg" alt="" class="wp-image-8573" srcset="https://www.sv-listrup.de/wp-content/uploads/2023/11/533a24da-e641-4201-8ed1-2edcb984a86e-724x1024.jpeg 724w, https://www.sv-listrup.de/wp-content/uploads/2023/11/533a24da-e641-4201-8ed1-2edcb984a86e-212x300.jpeg 212w, https://www.sv-listrup.de/wp-content/uploads/2023/11/533a24da-e641-4201-8ed1-2edcb984a86e-768x1086.jpeg 768w, https://www.sv-listrup.de/wp-content/uploads/2023/11/533a24da-e641-4201-8ed1-2edcb984a86e-1086x1536.jpeg 1086w, https://www.sv-listrup.de/wp-content/uploads/2023/11/533a24da-e641-4201-8ed1-2edcb984a86e.jpeg 1131w" sizes="auto, (max-width: 724px) 100vw, 724px" /></a></figure>

<p>Rückblick– SV Listrup 75 Jahre ! Der Sportverein Listrup 1949 e.V. feiert im Jahr 2024 sein 75-Jähriges Vereinsjubiläum. Unser SVL hat mit einem großen Festwochenende gebührend seinen 75. Geburtstag gefeiert. Ihr findet Bilder und die Texte zum Fest in den beiden nachfolgenden Beiträgen: 75 Jahre SVL – Rückblick Teil 2! https://www.sv-listrup.de/?p=8926 75 Jahre SVL – Rückblick Teil 1! https://www.sv-listrup.de/?p=8918   _____________________________________ Pressemeldung 75 Jahre SVL: Am Wochenende 14.-16. Juni 2024 wird für alle Altersgruppen ein buntes Rahmenprogramm auf die Beine gestellt. Hierzu lädt der Vorstand bereits jetzt alle Freunde, Nachbarn und Bekannte des SV Listrup herzlichst ein und bitte darum, sich den Termin entsprechend vorzumerken. Der Freitag (14. Juni) startet mit einem Kommersabend, wird aber aufgrund des dann beginnenden Heim-EM-Turniers nicht wie üblich mit 5 Stunden langatmiger Reden geschmückt, sondern endet bereits um 21:00 Uhr mit der Übertragung des EM-Eröffnungsspiels unserer Nationalmannschaft auf einer großen Leinwand. Am Samstag (15. Juni) sollen die Nachbarorte eingeladen werden und an einem „Cup der Ortschaften“ teilnehmen und sich von ihren Dorfbewohnern entsprechend unterstützen lassen. Abends wird (genau wie bereits am Freitag) mit Unterstützung von DJ Tobi [&hellip;]</p>
